. What is the greatest common factor of u and 28?
4
Let z be (-56)/168 + (-314)/(-6). Let w be 183 - (-1)/((-4)/4). Calculate the highest common divisor of w and z.
26
Let o be ((-1)/(-2))/(1*(-2)/(-32)). Let p(s) = -39*s + 22. Let u be p(-6). Calculate the greatest common factor of u and o.
8
Let y be (2/(-4))/((-5)/13250*-5). Let v = 274 + y. What is the greatest common divisor of v and 9?
9
Let m be 166/4*(40/(-140))/((-2)/210). Calculate the highest common divisor of m and 240.
15
Let g(u) = -26*u + 329. Let s be g(-22). Calculate the greatest common factor of 85 and s.
17
Let y(f) = -3*f**2 - 10*f - 7. Let o be y(-8). Let i = o - -289. Let g(w) = 10*w**2 + 8*w + 2. Let j be g(-3). What is the highest common factor of j and i?
34
Let l be -421 - (-4)/(16/(-20)). Let v = l + 432. Calculate the greatest common factor of v and 174.
6
Let p = 20 - 19. Suppose -b - 5 = -p. Let t(g) = -23*g - 32. Let r be t(b). Calculate the highest common factor of 20 and r.
20
Suppose 8*n - 5*g - 629 = 0, 6*n - g = 10*n - 311. Calculate the greatest common divisor of 2847 and n.
39
Suppose 3*x + 4*j = -25, 0 = 2*x + 2*j - 3*j + 35. Let v be 9/x + 6/10. Let d be (-1 + (1 - (v - 1)))*9. Calculate the greatest common divisor of 99 and d.
9
Suppose 142*t - 885 = 137*t. What is the highest common factor of 15 and t?
3
Suppose 111*l - 115*l = 536. Let s = 27 + l. Let k = 108 + s. What is the greatest common divisor of k and 3?
1
Let x(m) = -m**2 - 9*m + 11. Let q = 197 + -206. Let g be x(q). What is the greatest common factor of 88 and g?
11
Let b be -10 + 9/(90/130). What is the greatest common factor of 1797 and b?
3
Let o(m) = 40*m**2 - 8*m + 25. Let p be o(-5). What is the greatest common divisor of 15 and p?
15
Let r be 68 + (4 - -6) + -4. Suppose 75*g - r*g = 21. What is the highest common factor of g and 42?
21
Let b = 5 + -3. Suppose -b*q + 3 = t - 2, -t = 4*q - 5. Suppose -w + q*l + 4*l + 28 = 0, 2*l = 3*w - 74. Calculate the greatest common divisor of 60 and w.
12
Suppose 6*l = -4 + 10. Let g(b) = 7*b**3 - b**2 + b. Let u be g(l). Suppose -u*t = 86 - 275. Calculate the highest common divisor of t and 27.
27
Suppose -k + 36 = 5*h, 144 = 6*k - 2*k + 5*h. Suppose -8*u + 96 = -5*u. Let v = k - u. What is the highest common factor of 36 and v?
4
Let q(x) = 50*x**2 + 144*x - 972. Let p be q(7). Calculate the greatest common divisor of p and 44.
22
Let y(x) = 197*x - 387. Let l be y(27). Calculate the greatest common divisor of 36 and l.
36
Suppose 171 = 8*a - 741. Suppose 4*o - z + 4 = 0, -2*z = o + 3*z - 20. Suppose o = -g - 4*g + 190. What is the highest common factor of g and a?
38
Let s be (-802)/(-6) - (-2)/(-3). Let d be (38 + 190)/38 - -13. What is the highest common divisor of d and s?
19
Let r be (-2)/((4 - 0) + 123/(-31)). Let q = 436 + r. What is the greatest common divisor of 102 and q?
34
Suppose 90 = 2*x + k + k, 2*k - 234 = -5*x. Suppose x = 3*v - 3*j - 27, 109 = 5*v + 3*j. What is the greatest common divisor of 69 and v?
23
Let s be (1 + (-36)/(-16))*4. Let d(l) = l**3 - 12*l**2 - 9*l - 48. Let i be d(s). Calculate the greatest common factor of 196 and i.
4
Suppose -4 = -2*v, 5*m + v = 3*v + 981. Let y = -125 + m. What is the highest common factor of 9 and y?
9
Let n(t) = 41*t + 69. Let r be n(-1). Let v be 6/(-8) + 5/(80/268). What is the greatest common factor of v and r?
4
Let j be 89 - 98 - (-30953 - 1). What is the greatest common divisor of 15 and j?
15
Let p = 108 - 188. Let g = -42 - p. What is the greatest common divisor of g and 38?
38
Let f = -27613 + 27954. Calculate the highest common factor of 1333 and f.
31
Let o(z) = -80*z**3 - 11*z**2 - 19*z + 6. Let l be o(-4). Calculate the greatest common factor of 14 and l.
14
Suppose -u = -0*c + 3*c - 53, 202 = 4*u + 2*c. Calculate the highest common divisor of 265 and u.
5
Let p(t) = -t**2 + 30*t - 16. Let o be p(18). Let s = o + -59. What is the greatest common factor of 188 and s?
47
Let q be 7/(35/(-5))*-15. Suppose 32*a = q*a + 4556. Calculate the highest common divisor of 4 and a.
4
Let z = -149 + 385. Suppose -z*q + 230*q = -204. What is the highest common factor of q and 8?
2
Let s be (-31 - -17)/(53/(-106)). Let l(o) = 4*o**2 + 4*o - 1. Let t be l(5). Calculate the greatest common factor of t and s.
7
Let a(p) = -p**3 + 14*p**2 - 22*p. Let z = -21 + 31. Let b be a(z). Suppose 4*q - 46 + 6 = -5*d, -d - q = -7. What is the highest common divisor of b and d?
12
Suppose 4*m = 83 - 15. Let u(k) = k**2 + 12*k - 14. Let d be u(7). What is the greatest common divisor of m and d?
17
Suppose 53 = 3*q - 2*g, 4*q - g - 69 = -0*g. Suppose -13*w + q*w = 96. What is the greatest common factor of 312 and w?
24
Let a be 3 - 324/(1 + -4). Suppose -104 = 5*f + 5*r - 249, 3*r = -4*f + a. Suppose -53 = 14*w - 165. What is the greatest common factor of w and f?
8
Suppose 0 = -7*j + 175 + 980. Calculate the greatest common divisor of j and 627.
33
Let v be 6/2 + (-1)/(3/(-57)). Let k be (-1 - (-6)/9)*57. Let q = v + k. Calculate the greatest common factor of 3 and q.
3
Let d = 87 - 45. Let b be 16/12*(5 + 1). Suppose -2*i - b = 0, 17*i - 18*i = 5*z - 416. Calculate the greatest common factor of z and d.
42
Let j = 365 - 323. Calculate the greatest common divisor of j and 102.
6
Let g = -13337 + 23543. Calculate the highest common divisor of 84 and g.
42
Let z(c) = -13459*c**3 + 3*c**2 + 62*c + 58. Let m be z(-1). Calculate the highest common divisor of 6 and m.
6
Suppose -8806 = -4*m - 2*d, -10*d + 15*d = -35. Calculate the greatest common factor of m and 840.
105
Let c be 4/(-10) + 204/10. Suppose 2*b - 18 = -4*g + 30, 2*b = 3*g + c. Suppose 2322*j = 481*j + 7364. Calculate the highest common factor of j and b.
4
Suppose 0 = -3*w - 5*p + 34 - 12, -5*w - 4*p + 67 = 0. Let x = -439 - -1028. What is the highest common divisor of x and w?
19
Let l(h) = 2*h**2 + 10*h + 38. Let f be l(-4). Let i be (f - 2)*10/(-8)*-18. What is the highest common divisor of 90 and i?
90
Let f(m) = 3*m**2 + 14*m - 105. Let t be f(5). Calculate the greatest common factor of 190 and t.
10
Let m = 3270 - 3248. Calculate the highest common factor of m and 979.
11
Let m(v) = v**3 - v**2 + v + 2. Let q be m(0). Suppose 310 = -c + 2*c - 4*u, -620 = -q*c - 4*u. What is the highest common divisor of 62 and c?
62
Suppose -2*u - 3*m = -76, 4*u - 2*m - 55 = 65. Let j be u - 2/(-2) - 5. What is the greatest common factor of 308 and j?
28
Suppose 5*f + 4*i = -60, 4*f - 1 + 49 = 3*i. Let p(s) = -s**2 - 12*s + 6. Let d be p(f). Calculate the greatest common factor of 21 and d.
3
Suppose -5*i = -4*h + 8*h + 45, 4*i = -4*h - 36. Let j(w) = -8*w - 47. Let a be j(i). Calculate the highest common divisor of a and 50.
25
Let j(m) be the first derivative of -m**4/4 + 22*m**3/3 - 9*m**2 - 25*m + 42. Let u be j(21). What is the highest common divisor of u and 2?
2
Suppose 48 = 3*p - 5*f, 46*p - 3*f = 45*p + 12. Calculate the greatest common factor of 399 and p.
21
Let v = 153 - 139. What is the highest common factor of 10052 and v?
14
Let k = 6616 + -6590. What is the greatest common divisor of 78 and k?
26
Let x = -36 + 35. Let j be -8*(2 - 1)*x. Suppose -16 = -3*s + j. What is the highest common factor of 152 and s?
8
Suppose 0 = -393*y + 394*y - 102. Let x = y - 39. What is the greatest common factor of 14 and x?
7
Let u = 4211 + -3022. What is the highest common divisor of u and 123?
41
Let x(p) = -p**2 - 57*p - 701. Let j be x(-34). Calculate the greatest common divisor of j and 675.
27
Suppose -5*s = 0, 2*t - 5*s + 5 = 45. Let q be 200/(-12)*-6*1. What is the greatest common factor of t and q?
20
Let m(x) = -11*x. Let h be m(-3). Let s be (-34650)/420*64/(-10). Calculate the highest common factor of s and h.
33
Suppose -6*t = -209 - 505. Let x = 140 - t. What is the greatest common divisor of 294 and x?
21
Let k(t) = t**2 - 106*t - 10107. Let a be k(-66). Calculate the highest common factor of a and 7968.
249
Let x be ((-2)/3)/((-2)/138). Let g = 812 + -810. Calculate the highest common divisor of g and x.
2
Let x(u) = -29*u - 1072. Let z be x(-79). Calculate the greatest common divisor of z and 1802.
53
Let q = -27 - -61. Let x be ((-40)/60 + 5/21)/((-3759)/(-294) + -13). What is the greatest common divisor of x and q?
2
Let k be 4*((-108)/8